e the remainder when 4205 is divided by 136.
125
Calculate the remainder when 239265 is divided by 28.
5
What is the remainder when 3665 is divided by 643?
450
What is the remainder when 9590 is divided by 4592?
406
What is the remainder when 34067 is divided by 68?
67
What is the remainder when 24201 is divided by 2194?
67
What is the remainder when 519 is divided by 487?
32
Calculate the remainder when 18187 is divided by 50.
37
Calculate the remainder when 105804 is divided by 389.
385
What is the remainder when 175813 is divided by 34?
33
What is the remainder when 7236 is divided by 4?
0
Calculate the remainder when 38396 is divided by 167.
153
What is the remainder when 1627 is divided by 165?
142
Calculate the remainder when 51689 is divided by 90.
29
What is the remainder when 947255 is divided by 722?
713
Calculate the remainder when 88190 is divided by 211.
203
What is the remainder when 29390 is divided by 114?
92
Calculate the remainder when 2281 is divided by 2260.
21
What is the remainder when 3403 is divided by 3400?
3
Calculate the remainder when 34480 is divided by 21.
19
What is the remainder when 13110 is divided by 39?
6
What is the remainder when 3811 is divided by 689?
366
Calculate the remainder when 2433 is divided by 19.
1
Calculate the remainder when 11367 is divided by 5654.
59
What is the remainder when 17100 is divided by 29?
19
What is the remainder when 50224 is divided by 322?
314
What is the remainder when 227157 is divided by 113545?
67
Calculate the remainder when 13195 is divided by 454.
29
Calculate the remainder when 589 is divided by 236.
117
Calculate the remainder when 21807 is divided by 727.
724
Calculate the remainder when 895 is divided by 69.
67
Calculate the remainder when 1917 is divided by 56.
13
What is the remainder when 5356217 is divided by 20?
17
Calculate the remainder when 84897 is divided by 28298.
3
What is the remainder when 2612 is divided by 58?
2
Calculate the remainder when 622 is divided by 430.
192
What is the remainder when 2461 is divided by 1574?
887
What is the remainder when 22326 is divided by 21980?
346
What is the remainder when 17266395 is divided by 499?
496
What is the remainder when 6880 is divided by 753?
103
Calculate the remainder when 59621 is divided by 36.
5
What is the remainder when 124475 is divided by 1382?
95
What is the remainder when 10024 is divided by 88?
80
What is the remainder when 19699 is divided by 889?
141
What is the remainder when 25629 is divided by 4270?
9
Calculate the remainder when 839 is divided by 57.
41
What is the remainder when 49707 is divided by 34?
33
What is the remainder when 3368 is divided by 1680?
8
Calculate the remainder when 107938 is divided by 1333.
1298
Calculate the remainder when 2708 is divided by 1083.
542
Calculate the remainder when 3783 is divided by 3769.
14
Calculate the remainder when 166480 is divided by 335.
320
What is the remainder when 696 is divided by 249?
198
What is the remainder when 12884 is divided by 18?
14
Calculate the remainder when 131632 is divided by 61.
55
What is the remainder when 19458 is divided by 68?
10
Calculate the remainder when 5477 is divided by 1096.
1093
Calculate the remainder when 3091 is divided by 2360.
731
What is the remainder when 201226 is divided by 201155?
71
What is the remainder when 2557 is divided by 543?
385
Calculate the remainder when 53657 is divided by 197.
73
Calculate the remainder when 48901 is divided by 2039.
2004
Calculate the remainder when 5996 is divided by 2988.
20
Calculate the remainder when 34139 is divided by 11374.
17
What is the remainder when 736 is divided by 25?
11
What is the remainder when 209684 is divided by 3?
2
What is the remainder when 11487 is divided by 95?
87
What is the remainder when 96147 is divided by 68?
63
Calculate the remainder when 147731 is divided by 270.
41
What is the remainder when 892938 is divided by 318?
312
Calculate the remainder when 135581 is divided by 177.
176
Calculate the remainder when 59852 is divided by 39.
26
What is the remainder when 6049 is divided by 755?
9
Calculate the remainder when 465 is divided by 36.
33
What is the remainder when 77526 is divided by 11?
9
What is the remainder when 408 is divided by 378?
30
Calculate the remainder when 77714 is divided by 9712.
18
Calculate the remainder when 1004071 is divided by 959.
957
Calculate the remainder when 2735 is divided by 898.
41
Calculate the remainder when 374693 is divided by 52.
33
What is the remainder when 33435 is divided by 2944?
1051
Calculate the remainder when 110854 is divided by 5.
4
What is the remainder when 235168 is divided by 670?
668
What is the remainder when 3829 is divided by 6?
1
What is the remainder when 140858 is divided by 37?
36
What is the remainder when 2816 is divided by 403?
398
What is the remainder when 11929 is divided by 106?
57
Calculate the remainder when 99868 is divided by 42.
34
What is the remainder when 23463 is divided by 261?
234
Calculate the remainder when 1000 is divided by 560.
440
What is the remainder when 3813 is divided by 862?
365
Calculate the remainder when 1600427 is divided by 169.
166
What is the remainder when 1323 is divided by 5?
3
Calculate the remainder when 66685 is divided by 141.
133
Calculate the remainder when 4721 is divided by 316.
297
What is the remainder when 2680 is divided by 43?
14
What is the remainder when 8391 is divided by 4183?
25
What is the remainder when 31697 is divided by 219?
161
What is the remainder when 158143 is divided by 65?
63
What is the remainder when 5702 is divided by 83?
58
What is the remainder when 12514 is divided by 11298?
1216
Calculate the remainder when 47006 is divided by 146.
140
What is the remainder when 42685 is divided by 21308?
69
Calculate the remainder when 700534 is divided by 136.
134
Calculate the remainder when 555 is divided by 99.
60
What is the remainder when 1594 is divided by 256?
58
Calculate the remainder when 63919 is divided by 1941.
1807
Calculate the remainder when 2618 is divided by 451.
363
Calculate the remainder when 28732 is divided by 46.
28
Calculate the remainder when 4967 is divided by 63.
53
What is the remainder when 133961 is divided by 820?
301
What is the remainder when 2407 is divided by 1345?
1062
Calculate the remainder when 2263 is divided by 126.
121
What is the remainder when 16386 is divided by 28?
6
Calculate the remainder when 83141 is divided by 38.
35
What is the remainder when 72190 is divided by 24062?
4
What is the remainder when 1257749 is divided by 325?
324
What is the remainder when 9935 is divided by 28?
23
What is the remainder when 2810 is divided by 2810?
0
Calculate the remainder when 11969 is divided by 74.
55
Calculate the remainder when 1180335 is divided by 851.
849
Calculate the remainder when 34190 is divided by 543.
524
Calculate the remainder when 333 is divided by 37.
0
Calculate the remainder when 21009 is divided by 300.
9
What is the remainder when 14885 is divided by 1355?
1335
Calculate the remainder when 6951 is divided by 158.
157
Calculate the remainder when 22029 is divided by 1402.
999
Calculate the remainder when 2343 is divided by 425.
218
What is the remainder when 22805 is divided by 39?
29
Calculate the remainder when 37760 is divided by 7551.
5
Calculate the remainder when 21375 is divided by 128.
127
Calculate the remainder when 76120 is divided by 29.
24
What is the remainder when 94248 is divided by 5544?
0
Calculate the remainder when 378628 is divided by 63.
61
Calculate the remainder when 3566 is divided by 1185.
11
Calculate the remainder when 10650 is divided by 1689.
516
What is the remainder when 6822 is divided by 683?
675
Calculate the remainder when 866589 is divided by 2124.
2121
What is the remainder when 366180 is divided by 1387?
12
Calculate the remainder when 162879 is divided by 7754.
45
Calculate the remainder when 596324 is divided by 298157.
10
Calculate the remainder when 12762 is divided by 37.
34
Calculate the remainder when 4530 is divided by 3719.
811
Calculate the remainder when 3896 is divided by 389.
6
What is the remainder when 5884 is divided by 109?
107
Calculate the remainder when 590 is divided by 250.
90
Calculat